s digit of r?
3
Suppose -h + j + 16643 = 0, 5*h - 77198 = -4*j + 6044. What is the hundreds digit of h?
6
Let p(f) = -86*f**2 - 5*f + 162*f**2 - 1 + 6. Let w be p(1). What is the tens digit of (-31578)/w*(1 + (-5)/3)?
7
Suppose 2*i = m - 9176, -i + 5*i - 18344 = -2*m. Suppose -10*l = -21*l + m. What is the units digit of l?
4
Let n(b) = 674*b - 2894. Let j be n(5). Let s = 42 + -307. Let t = s + j. What is the hundreds digit of t?
2
Suppose -5*u - 7*u = 1932. Suppose -102 = -f - 332. Let o = u - f. What is the units digit of o?
9
Let u(y) = -112*y + 13. Let a(w) = -111*w + 12. Let m(n) = -3*a(n) + 2*u(n). Let x be m(5). Let s = x + -355. What is the tens digit of s?
8
Let y(j) = -4091*j - 9664. What is the thousands digit of y(-9)?
7
Let c = 48 - 44. Suppose -4*u - c*l = 1 + 3, 4 = 2*u - 4*l. Suppose 0*i - 2*i = 5*x - 332, -5*x - 4*i + 324 = u. What is the units digit of x?
8
Suppose -2*v - 706 = -2*s, 3*s + 5*v - v = 1031. Suppose s = -17*o + 927. What is the units digit of o?
4
Suppose 0 = 5*a - 3*c - 141 - 177, -82 = -a - 4*c. Suppose 58*d = a*d - 5400. What is the units digit of d?
5
Suppose -5*y = 2*u - 14681, -26*u = -25*u + 5*y - 7333. What is the thousands digit of u?
7
Suppose 0 = -4*d + 3725 + 3187. Suppose -101*k = -93*k - d. What is the hundreds digit of k?
2
Let u(i) = 569 + 2*i**2 - 573 + 19*i**3 - i**2. What is the units digit of u(2)?
2
Suppose -3*s + 551 = 539. Let y(i) = 269*i + 91. What is the hundreds digit of y(s)?
1
Suppose -372176 = 3514*h - 3542*h. What is the thousands digit of h?
3
Suppose 18*o = -8*o + 22*o + 9300. What is the hundreds digit of o?
3
Let l(i) = 2*i**2 - i + 417. What is the units digit of l(-27)?
2
What is the units digit of 26378/4*((-39)/(-19) - (-104)/(-1976))?
9
Let w = -27 + 93. Suppose 3*i = 9, 0 = -0*g - 2*g - 4*i - w. Let t = g - -88. What is the tens digit of t?
4
Let x be (-13)/(-26)*-1*8. Let q be 5529/6 + -3 - x/(-8). What is the hundreds digit of (-50)/20*q/(-15)?
1
Let d(u) = -784*u + 2406. What is the units digit of d(-7)?
4
Suppose -10*j - 107450 = 12*j - 32*j. What is the hundreds digit of j?
7
Let l(u) = 61 - 32 - 33 + 14*u**3 - u + 4*u**2. What is the units digit of l(3)?
7
Let w(v) = v**2 - 63*v + 8. Let u be w(6). Let q = -155 - u. What is the units digit of q?
9
Suppose -4*u = -6*q - 41888, 54*q = 3*u + 58*q - 31382. What is the ten thousands digit of u?
1
Suppose -720613 - 140429 = -34*k - 44*k. What is the ten thousands digit of k?
1
Let y(b) = -b**2 + 9*b + 23. Let s be y(7). Suppose s*r + 1032 = 41*r. Suppose 0 = 4*z - z - r. What is the units digit of z?
6
Let n be 3/(-7)*266/(-57). Suppose 0 = -d + 5 - 2, -n*a + 1334 = -2*d. What is the hundreds digit of a?
6
Let d(b) = -b**3 - 12*b**2 - 9*b + 24. Let v be d(-11). Suppose -4*f + 3*h - 192 = -5*f, -h - 377 = -v*f. What is the hundreds digit of f?
1
Let k = 218 + -209. Suppose 0 = 11*u - k*u - 834. What is the units digit of u?
7
Let h(o) = 820 + 131*o - 1622 + 823. What is the tens digit of h(1)?
5
Suppose 2*q - 3*t = 18802, 4*q + 75*t - 37652 = 73*t. What is the hundreds digit of q?
4
Let u(q) = -q**2 + 0*q**2 - 3 - 2*q**2 + 6*q**3 + 17*q - 7*q**3. Let f be u(-7). Suppose -2*s - 6 = 0, 3*z - s - 172 - f = 0. What is the tens digit of z?
8
Suppose -3*i + 4165 = -18*d + 22*d, 0 = 3*i - 5*d - 4129. What is the hundreds digit of i?
3
Let l = -505 - -500. What is the tens digit of 1 - (7 - (-6075)/l)?
0
Let n(k) = -59*k**3 - 3*k**2 + 3*k + 5. Let v = 272 - 274. What is the units digit of n(v)?
9
Suppose -3*o + 969 = -f - 1826, -2*o - 5*f + 1886 = 0. What is the units digit of o?
3
What is the tens digit of (-4 + (-3 - 49090/(-35)))*105/15?
6
Suppose -12*w + 87556 + 30824 = 0. What is the hundreds digit of w?
8
Let p(k) = -k**3 + 25*k**2 - 2*k + 22. Let h = -442 + 465. What is the thousands digit of p(h)?
1
Suppose -15*s - 4975 = -17305. What is the tens digit of 2/4*(1 - 0)*s?
1
Let u be 1/2 + 46/4. Suppose 3*n + 3*x = 18, 4*n + x - 16 = 5*x. What is the tens digit of (-275)/(-22)*u/n?
3
Suppose 2*n - 6497 = -1265. Suppose 0 = z + 7*z - n. What is the units digit of z?
7
What is the thousands digit of 4657 + 1 + (-10 - -10 - -2)?
4
Let o(u) = 2*u - 3. Let b be o(2). Let c(x) = 17*x**2 + x + 40*x**2 - 19*x**2 - 2 + 0 + 0. What is the units digit of c(b)?
7
Let y(t) = 286*t + 17. Let d be y(1). Let g = d + -101. What is the units digit of g?
2
Let h = -222 + 460. Suppose -m - 6*w - 15 = -2*m, 0 = -3*m - 2*w + 25. Let l = h + m. What is the hundreds digit of l?
2
Suppose -13*m = -7*m + 12. What is the hundreds digit of 0 + m + (-2144)/(-8)?
2
Let h = -32 + 32. Suppose 58*n - 55*n - 48 = h. Suppose n*y - 9*y = 462. What is the tens digit of y?
6
Suppose -2*g + 6 = l - 38, 5*l - 4*g = 276. What is the units digit of ((-196)/(-70))/(-1 + l/50)?
0
Suppose 139 = -10*k + 19. Let v be (k/(-9))/((-12)/(-9) - 1). Suppose -v*z + 2*x + 1114 = 122, -5*z + 1240 = x. What is the hundreds digit of z?
2
Let k(n) = n - 5. Let i be k(9). Suppose -4*w + 2 + i = -5*u, 10 = -2*w - 4*u. What is the units digit of (-183)/w*(-1)/(-3)*1?
1
Suppose d - 2*k = -3, 5*d - k + 2*k = 18. Suppose 0 = -6*l + d*l + 27. Let m(p) = p**3 - 8*p**2 - 6*p + 13. What is the tens digit of m(l)?
4
Let l = 70 - 2. Let c = -57 + l. Suppose 346 = 7*a - c. What is the tens digit of a?
5
Suppose -17*w - 104 = -4*w. Let b(t) = -22*t - 11. What is the tens digit of b(w)?
6
Let f be -2*(2 + -1)*36. What is the tens digit of 16/f + ((-12237)/(-27) - 1)?
5
Suppose -n + 135 = -4*y + 6*y, -205 = -3*y - 2*n. Suppose 3*g = -c - 27, -2*c + 4*g = -g + y. What is the units digit of (-2915)/c - -1*(-1)/6?
7
Let y be (-7 + (4 - -2))*6. What is the tens digit of (6 + 81)*((-20)/y + 3)?
5
Let m(b) = b**2 + b - 1. Let n(i) = -i**2 - 8*i - 4. Let x(t) = 6*m(t) + 2*n(t). Let r(z) be the first derivative of x(z). What is the units digit of r(17)?
6
Let n(u) be the third derivative of 37/3*u**3 - 1/12*u**4 + 1/60*u**5 + 3*u**2 + 0*u + 0. What is the tens digit of n(0)?
7
Let a = 18 - -24. Let z be 3 - (2 + -2) - (-3 - a). Suppose z - 70 = -r. What is the units digit of r?
2
Let w = 93 - 88. Suppose z = -w*v + 7, 2*v + 17 = 6*v - 3*z. What is the hundreds digit of (-1541)/(-9) + v/(-9)?
1
Let b = -9 + 27. Let f = b - 37. Let j = 37 + f. What is the units digit of j?
8
Suppose -6*w - p - 15 = -11*w, -w = -4*p + 16. What is the hundreds digit of (-33)/(-55) + (11136/10)/w?
2
Suppose -28*r + 4*r - 264 = 0. Let l(o) = 6*o**2 + 25*o + 7. What is the hundreds digit of l(r)?
4
Let n = -69 - -99. Let k = n - 27. Suppose 3*a - 269 = y + 87, k*a - 4*y = 362. What is the hundreds digit of a?
1
Suppose -2*k - h - 9 = -16, 1 = 2*k + 3*h. Suppose -3*f - 2*b = -k*f + 412, 3*f + 4*b = 597. What is the units digit of (f - -6)/(3 - 2)?
9
Suppose -11*l + 18*l = 588. Let y(j) = j**3 - j**2 + j + 4. Let r be y(0). Suppose r*i = 212 + l. What is the tens digit of i?
7
Let m = -11261 - -21920. What is the ten thousands digit of m?
1
Let h(f) be the first derivative of 13*f**6/360 + f**5/120 + 5*f**3/3 + 12. Let b(l) be the third derivative of h(l). What is the tens digit of b(-2)?
5
Let i be (-12)/4*(2 - 130). Let d be (20 + -16)*(2 + -1). Suppose -d*v = 96 - i. What is the tens digit of v?
7
Let h = -58 - -65. Suppose -16 = -h*x + 3*x, 5*z + 5*x - 2930 = 0. What is the units digit of z?
2
Let x = 50959 + -24781. What is the units digit of x?
8
Let b(r) = -444*r**3 - 474*r**2 - 4 + 2 + 476*r**2. What is the tens digit of b(-1)?
4
Suppose 8*x - 5 = 11. Suppose -u - 3*u = 3*m - 14, 0 = x*u + 2*m - 8. Suppose 15 = 3*k, 3*k + 500 = 5*z + u*k. What is the tens digit of z?
0
Suppose 49*n - 546 - 134253 = 0. Suppose n = 19*g - 12*g. What is the tens digit of g?
9
Let c be (-3)/24 + 994/16. Suppose c = 3*d + 47. Suppose -3*r + 0*r + 600 = 5*n, d*n = -r + 610. What is the hundreds digit of n?
1
Let t be (1/1)/((-1)/(-5)). Suppose 135 - 5 = t*w. Let c = w - 16. What is the units digit of c?
0
Suppose 9*c - 40819 = 3344. What is the hundreds digit of c?
9
Let a = -18 - -110. Let w = a + -43. What is the units digit of w?
9
Suppose -25741 = -4*h + 90967. What is the thousands digit of h?
9
Suppose u + 22820 = 2*t - 13694, 2*t + 3*u = 36506. What is the tens digit of t/22 - (-2 + 100/55)?
3
Suppose 11*i - 14*i + 192 = -3*x, 2*x = -